?
False
Suppose 0 = -n - 2*n + 357. Suppose -4*z - 100 = 68. Let s = z + n. Is s prime?
False
Suppose -5*l + 3 = -2. Let w = -1 - l. Is 6/(-4) - 137/w prime?
True
Suppose 0 = -2*k + 412 + 478. Is k a prime number?
False
Is 255/6*(1 - -1) a composite number?
True
Suppose 11 = 4*y - 5. Let z be 40/6*(-6)/y. Is z*(0 - (-3)/(-2)) a prime number?
False
Let y(k) be the second derivative of -1/3*k**3 + 0 + k + 1/12*k**4 - 2*k**2. Is y(5) prime?
True
Suppose 0 = 5*z + 5*m - 690, -4*z + 5*m = -z - 422. Is z a prime number?
True
Let y be 3/2 - (-1)/(-2). Suppose f - a = y - 0, 0 = f - 4*a + 2. Suppose -77 - 17 = -f*x. Is x prime?
True
Let r be (-76)/(-14) - (-21)/(-49). Is (1 - -487) + -2 + r a prime number?
True
Suppose -v + 2*v = 0. Suppose 3*l - 108 - 375 = v. Is l a composite number?
True
Suppose 4*k = 2040 + 328. Let t = k + -333. Is t a composite number?
True
Let k(g) = 86*g. Is k(1) a prime number?
False
Suppose 3*k = 2*n - 74, 0*k + 3*k - 130 = -4*n. Let c = n + -12. Is c composite?
True
Let t be (-3)/6 - (-1)/2. Suppose 4*o + t - 4 = q, 0 = 5*o - 5. Suppose -108 = 2*b - 3*b - 5*d, q = 4*b + 2*d - 342. Is b a composite number?
False
Suppose -2*q - 4 = -3*q. Suppose q*g = -4*b + 36, 4*b + 3*g + 11 - 45 = 0. Is b prime?
True
Let c = -4 - -6. Let x(h) = 4*h - 2. Let n be x(c). Suppose -4*v - n = -5*v. Is v a prime number?
False
Let w(i) = 3*i**2 - 10*i + 3. Is w(10) composite?
True
Let c = 7 - 5. Suppose -c*j + 14 + 62 = 0. Is j a composite number?
True
Suppose 3*o + 4*s = -26, -o + 2*o - 3 = s. Let n(c) = 167*c**2 - 2*c + 1. Is n(o) a prime number?
True
Let j = -28 + 63. Is j a prime number?
False
Suppose 4*u - 3*l = 23664, 5*u - 2*l = -6*l + 29611. Is u prime?
False
Let x = 521 - 252. Is x prime?
True
Let v = 2 + -57. Let y = v + 88. Is y a composite number?
True
Suppose 0 = 4*q - 3*q - 82. Is q a prime number?
False
Suppose 3*p = -2 + 5. Is (p - 120/(-1))*1 composite?
True
Let l = 7 - -3. Let o be (-16)/l*(-25)/10. Suppose -1 = g + 4*n - 12, n - 89 = -o*g. Is g prime?
True
Let l(c) = -293*c + 1. Let i be l(1). Let u = -208 - i. Suppose 0 = n - 4*n + 5*d + 131, -2*n + 5*d + u = 0. Is n prime?
True
Is -2 + (-2)/(-8) + (-17298)/(-24) a composite number?
False
Let p(b) = 13*b**2 - 1. Let y be p(1). Suppose 32 = z - y. Suppose 1 = -3*d - j + z, 2*d + 5*j - 46 = 0. Is d prime?
True
Let j(u) = u + 3. Suppose 2*k - 14 = 5*k + 5*h, 5*k = 5*h - 10. Let b be j(k). Let i(y) = -y + 93. Is i(b) a prime number?
False
Is ((-38)/6)/(16/(-1392)) a prime number?
False
Let z(o) = -22*o - 11. Is z(-7) a prime number?
False
Is (-10)/(-4)*1642/5 a prime number?
True
Let v = 1647 + -976. Is v a composite number?
True
Let z be (-5 - -2 - -39)*16. Suppose -4*f + 500 = -z. Let m = f - 172. Is m composite?
False
Let o be (87 - (0 - -2)) + -1. Suppose 4*h + 89 = 5*x, -4*h + 4*x + 0*x = o. Is (h/(-10))/((-10)/(-25)) composite?
True
Suppose 3*f - 11 = 4*z - 36, -2*f = -z + 10. Suppose -z*o + 1143 = -o. Is o composite?
True
Suppose 2*k + 134 = -134. Let b = 211 + k. Is b a prime number?
False
Let v be 3 + -6 - (2 - 153). Let l = -69 + v. Is l a prime number?
True
Suppose 0*o + 5*d + 2 = -4*o, -5*d = 10. Suppose 38 = -o*z - 8. Let s = -16 - z. Is s a prime number?
True
Suppose 0*l + 1574 = 2*l. Is l prime?
True
Is 6/(-126)*-6 - (-7985)/7 a composite number?
True
Suppose -14*p = -1821 - 5165. Is p composite?
False
Let i(m) = -4 + 11 - 9*m + 0*m - 4*m. Let s(f) = -f - 13. Let c be s(-7). Is i(c) a composite number?
True
Suppose 0 = -2*u + j + 78, 4*u + 5*j - j = 144. Let y = u + -24. Is y a composite number?
True
Suppose 0*j + 132 = 3*j. Suppose -3*t + 155 = j. Is t a composite number?
False
Let d(a) = -3*a**2 + a**3 + 4*a + 2 - 4*a + 2*a. Let t be d(2). Suppose -t*l + 132 = 2*l. Is l prime?
False
Let g(f) = -f - 5. Let z be g(-9). Suppose 2*w = i - 45, 0 = z*i + 4*w - 14 - 130. Is i prime?
False
Let s be 6/(-15) + (-24)/(-10). Let m(v) = -65*v. Let t(r) = -6499*r. Let h(o) = s*t(o) - 201*m(o). Is h(1) a composite number?
False
Let d(n) = -413*n - 4. Is d(-1) prime?
True
Suppose 0 = -4*p + 13 + 11. Suppose -4*k + 5*n = -1653, 4*n - p*n - 824 = -2*k. Is k prime?
False
Suppose -5*w = 2539 - 10394. Is w prime?
True
Let t(y) = y**3 + y**2. Let o be t(0). Suppose 0*a - a + 89 = o. Is a composite?
False
Let j(b) = b**3 - 4*b**2 + 4*b + 10. Let g be j(7). Suppose p - 6*p + g = 0. Is p prime?
True
Suppose 4*r = 5*q - 16298, 0*q + r - 6527 = -2*q. Is (-8)/36 + q/18 a composite number?
False
Suppose 0 = -14*d + 2155 + 99. Is d a prime number?
False
Let b(a) be the third derivative of 31*a**6/60 - a**5/120 + a**3/6 - 2*a**2. Let l(n) be the first derivative of b(n). Is l(1) a prime number?
False
Let y(o) = 57*o**3 + o**2 + o - 1. Let c be y(1). Let v = -11 + c. Is v composite?
False
Suppose -6*y + 4*y = 2894. Let v = -768 - y. Is v composite?
True
Let m be (-8)/6 + (-2)/(-6). Is (11/m)/(3/(-15)) a prime number?
False
Suppose -8*d + 3*d = 35. Let k(a) = a**3 + 8*a**2 + 7*a - 6. Let n be k(d). Let j = 4 - n. Is j a prime number?
False
Suppose -167 + 6 = -7*h. Is h composite?
False
Let d be (-7 + 53)*1*2. Suppose 0 = 2*v - v + 5, 0 = -3*u - 4*v - 20. Suppose -d = -2*x - u*x. Is x a composite number?
True
Suppose -4*h = -2*z - 56, -4*z - 28 = -3*h + h. Let d = h + 44. Is d a prime number?
False
Suppose -118 = -t - 5*u + 140, 532 = 2*t + 2*u. Let b = t - 123. Is b composite?
True
Let p be 44/(-4) - 6/(-2). Let y(q) = 3*q**2 + 9*q + 7. Is y(p) a composite number?
False
Let d(q) = -q**3 + 6*q**2 + 2. Let l be d(6). Is 0 - 1/l*-634 prime?
True
Let y(k) = -97*k - 2. Let l be ((-36)/(-4))/(0 + -1). Let x(h) = 49*h + 1. Let g(t) = l*x(t) - 4*y(t). Is g(-4) prime?
True
Let u = 22 - 13. Suppose 0 = -2*f - 2*r + 52, 0 = 3*f - 5*r + u*r - 79. Is f + -2 + (-2 - -2) composite?
False
Let o(t) = -49*t**3 - t**2 + 1. Let r be (1 + -1 - 1)*-8. Suppose 0 = 4*b - 2*p - p - 8, r = -2*p. Is o(b) prime?
False
Suppose -3*z + 685 + 176 = 0. Is z a prime number?
False
Let a = 315 + -202. Is a a composite number?
False
Suppose 0 = 2*d + 5*v - 350 - 152, -3*d + 753 = 2*v. Is d prime?
True
Let r(q) = -q**2 + 7*q + 5. Let b be r(5). Suppose -3*u = 4*p - 235, -b = 4*p + 5. Is u prime?
False
Let n be (-2)/(-8) + (-57)/(-12). Suppose 4*g - 65 = -5*d, 2*d = -8*g + n*g + 33. Is d prime?
False
Let a = 1 + -3. Is ((-2)/(-2))/(a/(-382)) a prime number?
True
Suppose -9 = -3*s, -2*s + 1088 = p - 4*s. Suppose -3*j = 2*d - 761, 7*d - 5*j - p = 4*d. Is d prime?
True
Suppose -253 = -3*n + 2*z, -3*z - 251 = -3*n - 2*z. Is n composite?
False
Let s(w) be the second derivative of -55*w**3/6 - w. Is s(-1) a composite number?
True
Let f = -23 + 88. Is f a prime number?
False
Suppose 4*a = a + 72. Let s(b) = b**3 - 2*b**2 + 2*b + 2. Let m be s(3). Let o = a - m. Is o prime?
True
Let c = -354 - -1077. Is c composite?
True
Suppose -2*u = -4*m + 6, 3*m - 1 = -m + 3*u. Let q(a) = a**2 + 4*a + 2. Let s be q(-4). Is (s/3)/(m/114) prime?
True
Let z(t) = -248*t**3 + 1. Is z(-1) a prime number?
False
Suppose -4*u = -2*i - 3*i + 249, -5*u = -3*i + 139. Is i a prime number?
True
Let p be (-2 - 2) + -6 + 6. Is (-2)/(p/(-7))*-2 prime?
True
Is (-4)/(-6) - (2647/(-3) + 4) a prime number?
False
Suppose 4*b - 2*b - 2302 = 0. Is b composite?
False
Let z = -426 + 1270. Suppose -2*k = s - 211, 0 = -4*s + k - 5*k + z. Is s composite?
False
Let s(v) = 57*v**3 - 2*v**2 + 3*v - 3. Let x be s(2). Suppose -5*m = a - x + 10, 3*m - 279 = 3*a. Is m a composite number?
False
Suppose 9 = -3*w + 4*z + 1, 5*w - 3*z + 6 = 0. Suppose 0 = -4*m - 3*x + 19, 5*m + 3*x - 11 = 15. Suppose w = m*d - 4*d - 114. Is d a composite number?
True
Let s be (182/6)/(2/(-6)). Let u = s - 13. Is (u/12)/((-4)/18) prime?
False
Let a = -309 + 445. Suppose -4*r = -4, 5*r - 137 = -4*k + a. Is k composite?
False
Suppose 0 = -5*i - 13 + 483. Is i prime?
False
Suppose 28 = -7*m + 3*m. Let b(r) = -r**2 - 7*r + 9. Is b(m) a composite number?
True
Suppose -236 = 3*d - 1049. Is d a composite number?
False
Is 3*((-6)/15 + 13822/30) a composite number?
False
Is 6/24*(2 - -842) a composite number?
False
Let z be 1/(2/(-2))*-2. Suppose -f = -2*k + 38, z*f - 19 = -k + 6*f. Is k a composite number?
False
Let y(o) = 3*o**3 - o**2 + o + 1. Let p be y(1). Suppose 4 = p*q - 4, 32 = 2*v - 5*q. Is v prime?
False
L